{"id":1074,"date":"2018-01-26T13:14:10","date_gmt":"2018-01-26T11:14:10","guid":{"rendered":"http:\/\/www.associazioneculturalelavisana.it\/public\/?page_id=1074"},"modified":"2018-01-26T13:59:24","modified_gmt":"2018-01-26T11:59:24","slug":"minacce","status":"publish","type":"page","link":"https:\/\/www.associazioneculturalelavisana.it\/public\/?page_id=1074","title":{"rendered":"Minacce"},"content":{"rendered":"<p><b>MINACCE<br \/>\nNemici, diavoli e streghe<\/b><\/p>\n<p>Spettacolo che vede due attori protagonisti che interpretano in atti cronologici, personaggi che sono stati definiti minaccia dalla societ\u00e0 nel tempo. La narrazione si evolve con lo studio e l\u2019analisi degli stereotipi e delle credenze sui \u201cnemici\u201d creati dalla societ\u00e0 a partire dal loro rifiuto e dalla loro emarginazione.<\/p>\n<p>&lt;&lt;<i>La Storia \u00e8 fatta di personaggi grandi e piccoli, ma spesso ce ne dimentichiamo. La storia non \u00e8 fatta solo di grandi capitali, ma di villaggi e valli. E non solo. La Storia \u00e8 fatta anche di personaggi, luoghi, avvenimenti che non sono mai esistiti, o che erano diversi da come una comunit\u00e0 sceglie di ricordarli. Questi elementi agiscono nella nostra memoria collettiva tanto quanto quelli che sono esistiti. Lo stesso \u00e8 per il presente. Ogni realt\u00e0, nel momento in cui viene trasmessa, \u00e8 oggetto di una narrazione, e una narrazione distorce. Anche il nostro racconto \u00e8 distorto, mendace, confonde significati e forma delle parole, \u00e8 un inganno, \u00e8 un imbroglio. \u00c8 una storia. Possibile o impossibile che sia, nel mondo delle narrazioni, ha il posto che vorrete dargli<\/i>.&gt;&gt; I fatti che vengono trattati provengono dalla storia folkloristica e leggendaria del territorio come il caso dell&#8217;ebreo Salomone (Castello di K\u00f6nigsberg, Faedo), il Mito delle Anguane (credenza Alto-Adige), l&#8217;eretico di Lavis, la figura dell&#8217;Alchimista.<\/p>\n<p><a href=\"https:\/\/striasite.wordpress.com\">https:\/\/striasite.wordpress.com<\/a><\/p>\n<p><strong>Per saperne di pi\u00f9<\/strong><br \/>\n&gt;\u00a0<a href=\"http:\/\/www.associazioneculturalelavisana.it\/public\/?page_id=859\" target=\"_blank\">Compagnia teatrale La Burrasca<\/a><\/p>\n","protected":false},"excerpt":{"rendered":"<p>MINACCE Nemici, diavoli e streghe Spettacolo che vede due attori protagonisti che interpretano in atti cronologici, personaggi che sono stati definiti minaccia dalla societ\u00e0 nel tempo. La narrazione si evolve con lo studio e l\u2019analisi degli stereotipi e delle credenze sui \u201cnemici\u201d creati dalla societ\u00e0 a partire dal loro rifiuto e dalla loro emarginazione. &lt;&lt;La [&hellip;]<\/p>\n","protected":false},"author":3,"featured_media":0,"parent":859,"menu_order":2,"comment_status":"closed","ping_status":"open","template":"","meta":{"_acf_changed":false,"footnotes":""},"class_list":["post-1074","page","type-page","status-publish","hentry"],"acf":[],"_links":{"self":[{"href":"https:\/\/www.associazioneculturalelavisana.it\/public\/index.php?rest_route=\/wp\/v2\/pages\/1074","targetHints":{"allow":["GET"]}}],"collection":[{"href":"https:\/\/www.associazioneculturalelavisana.it\/public\/index.php?rest_route=\/wp\/v2\/pages"}],"about":[{"href":"https:\/\/www.associazioneculturalelavisana.it\/public\/index.php?rest_route=\/wp\/v2\/types\/page"}],"author":[{"embeddable":true,"href":"https:\/\/www.associazioneculturalelavisana.it\/public\/index.php?rest_route=\/wp\/v2\/users\/3"}],"replies":[{"embeddable":true,"href":"https:\/\/www.associazioneculturalelavisana.it\/public\/index.php?rest_route=%2Fwp%2Fv2%2Fcomments&post=1074"}],"version-history":[{"count":3,"href":"https:\/\/www.associazioneculturalelavisana.it\/public\/index.php?rest_route=\/wp\/v2\/pages\/1074\/revisions"}],"predecessor-version":[{"id":1089,"href":"https:\/\/www.associazioneculturalelavisana.it\/public\/index.php?rest_route=\/wp\/v2\/pages\/1074\/revisions\/1089"}],"up":[{"embeddable":true,"href":"https:\/\/www.associazioneculturalelavisana.it\/public\/index.php?rest_route=\/wp\/v2\/pages\/859"}],"wp:attachment":[{"href":"https:\/\/www.associazioneculturalelavisana.it\/public\/index.php?rest_route=%2Fwp%2Fv2%2Fmedia&parent=1074"}],"curies":[{"name":"wp","href":"https:\/\/api.w.org\/{rel}","templated":true}]}}